{"id":47,"date":"2018-07-10T00:12:34","date_gmt":"2018-07-09T22:12:34","guid":{"rendered":"http:\/\/localhost\/strandbygruppen\/?page_id=12"},"modified":"2020-05-26T15:29:27","modified_gmt":"2020-05-26T13:29:27","slug":"vision","status":"publish","type":"page","link":"https:\/\/strandbygruppen.dk\/?page_id=47","title":{"rendered":"Vision"},"content":{"rendered":"<p><span style=\"font-weight: 400;\"><strong>Forst\u00e5 sammenh\u00e6ngen, hvis du vil skabe v\u00e6rdi lokalt<\/strong><\/span><\/p>\n<p>Dialog og samarbejde skaber v\u00e6rdi.<br \/>Der skabes f\u00e6lles m\u00e5l mellem udviklere, investorer og kommune. De f\u00e6lles m\u00e5l skal spille sammen med de behov, der er lokalt.<br \/>Der arbejdes med projektudvikling i de helt tidlige faser. Det er oftest den mest s\u00e5rbare og usikre del af det samlede byggeprojekt. Derfor kommer vi ikke med en stor, dyr organisation. Vi s\u00e6tter det hold, der er behov for til det specifikke projekt.<\/p>\n<p>Metoden er dialog og netv\u00e6rk. Samlet sikrer teamet, at der er indg\u00e5ende kendskab til byggeriets komplekse processer &#8211; herunder myndighedssamarbejde, rammevilk\u00e5r og procedurer ift. lokalplaner.<\/p>\n<p>Strandbygruppen samarbejder med et netv\u00e6rk af kompetente r\u00e5dgivere og udviklere, der har et indg\u00e5ende kendskab til byggeriets rammevilk\u00e5r og de indledende faser af et byggeprojekt.<\/p>\n<p>Der skabes v\u00e6rdi gennem netv\u00e6rksbaseret projektudvikling, fordi det sikrer<br \/>&#8211; en slank projektorganisation, som ikke fordyrer projektet<br \/>&#8211; at de relevante kompetencer bliver inddraget, n\u00e5r de skaber mest v\u00e6rdi for projektet.<\/p>\n<p><span style=\"font-weight: 400;\">L\u00e6s mere om<\/span><span style=\"font-weight: 400;\"> <a href=\"https:\/\/strandbygruppen.dk\/?page_id=46\">tilgangen til projektudvikling her<\/a><\/span><span style=\"font-weight: 400;\">.\u00a0<\/span><br \/><span style=\"font-weight: 400;\">Du kan ogs\u00e5 l\u00e6se mere <\/span><a href=\"https:\/\/strandbygruppen.dk\/?page_id=52\"><span style=\"font-weight: 400;\">om organisationen<\/span><\/a><span style=\"font-weight: 400;\">, og hvordan vi gennem et bredt netv\u00e6rk s\u00e6tter det relevante hold til det aktuelle projekt.<\/span><\/p>\n\n\n<p><\/p>\n","protected":false},"excerpt":{"rendered":"<p>Forst\u00e5 sammenh\u00e6ngen, hvis du vil skabe v\u00e6rdi lokalt Dialog og samarbejde skaber v\u00e6rdi.Der skabes f\u00e6lles m\u00e5l mellem udviklere, investorer og kommune. De f\u00e6lles m\u00e5l skal spille sammen med de behov, der er lokalt.Der arbejdes med projektudvikling i de helt tidlige faser. Det er oftest den mest s\u00e5rbare og usikre del af det samlede byggeprojekt. Derfor [&hellip;]<\/p>\n","protected":false},"author":1,"featured_media":0,"parent":0,"menu_order":3,"comment_status":"closed","ping_status":"closed","template":"","meta":{"footnotes":""},"class_list":["post-47","page","type-page","status-publish","hentry"],"_links":{"self":[{"href":"https:\/\/strandbygruppen.dk\/index.php?rest_route=\/wp\/v2\/pages\/47","targetHints":{"allow":["GET"]}}],"collection":[{"href":"https:\/\/strandbygruppen.dk\/index.php?rest_route=\/wp\/v2\/pages"}],"about":[{"href":"https:\/\/strandbygruppen.dk\/index.php?rest_route=\/wp\/v2\/types\/page"}],"author":[{"embeddable":true,"href":"https:\/\/strandbygruppen.dk\/index.php?rest_route=\/wp\/v2\/users\/1"}],"replies":[{"embeddable":true,"href":"https:\/\/strandbygruppen.dk\/index.php?rest_route=%2Fwp%2Fv2%2Fcomments&post=47"}],"version-history":[{"count":6,"href":"https:\/\/strandbygruppen.dk\/index.php?rest_route=\/wp\/v2\/pages\/47\/revisions"}],"predecessor-version":[{"id":301,"href":"https:\/\/strandbygruppen.dk\/index.php?rest_route=\/wp\/v2\/pages\/47\/revisions\/301"}],"wp:attachment":[{"href":"https:\/\/strandbygruppen.dk\/index.php?rest_route=%2Fwp%2Fv2%2Fmedia&parent=47"}],"curies":[{"name":"wp","href":"https:\/\/api.w.org\/{rel}","templated":true}]}}